{"id":5962,"date":"2021-12-11T11:23:40","date_gmt":"2021-12-11T10:23:40","guid":{"rendered":"https:\/\/korallo.net\/?page_id=5962"},"modified":"2024-02-22T17:27:23","modified_gmt":"2024-02-22T16:27:23","slug":"chi-siamo","status":"publish","type":"page","link":"https:\/\/korallo.net\/index.php\/chi-siamo\/","title":{"rendered":"Chi Siamo"},"content":{"rendered":"\n<h2 class=\"wp-block-heading\">Chi siamo &#8211; La nostra storia<\/h2>\n\n\n\n<p class=\"wp-block-paragraph\">Il settore delle Telecomunicazioni della Korallo nasce nel 2016, come nuovo progetto imprenditoriale per iniziativa del titolare Andrea Favaron e il supporto organizzativo di Davide Dalle Fusine.\u00a0<\/p>\n\n\n\n<p class=\"wp-block-paragraph\">Andrea ha lavorato per oltre 30 anni con una delle principali aziende del settore nella provincia di Treviso come responsabile operativo del settore.<\/p>\n\n\n\n<p class=\"wp-block-paragraph\">Davide \u00e8 stato per anni agente di commercio, poi responsabile commerciale ed infine imprenditore in due attivit\u00e0 di servizi.<\/p>\n\n\n\n<p class=\"wp-block-paragraph\">Assieme hanno realizzato una divisione altamente specializzata nella realizzazione di Reti dati, Cablaggio Strutturato negli uffici e la realizzazione e manutenzione degli armadi Rack, oltre che fornire un supporto per tutte le realt\u00e0 della provincia di Treviso e oltre, che cercano collaborazioni nel settore delle telecomunicazioni e reti dati.<\/p>\n\n\n\n<p class=\"wp-block-paragraph\">Forte dell\u2019esperienza tecnico-organizzativa del suo gruppo di esperti e delle pi\u00f9 moderne apparecchiature, la Korallo si \u00e8 strutturata per intervenire in qualsiasi situazione operativa del settore delle Telecomunicazioni. Tutti gli interventi svolti sulla rete dati con cavi in rame o fibra ottica, vengono certificati e garantiti fino a 20 anni dalla loro realizzazione.<\/p>\n\n\n\n<p class=\"wp-block-paragraph\">Dal 2018 la Korallo si sta sviluppando con un approccio innovativo, che mette al centro del progetto aziendale le persone, facendo crescere l\u2019azienda tramite la crescita personale e professionale dei suoi dipendenti e delle relazioni con i suoi clienti. Grazie a questo l\u2019azienda \u00e8 alla costante ricerca sia di giovani che di personale esperto, per poter mantenere viva e diffondere l\u2019arte del realizzare cablaggi strutturati e reti dati a regola d\u2019arte.<\/p>\n\n\n\n<h3 class=\"wp-block-heading\">Artigiani esperti in ICT<\/h3>\n\n\n\n<p class=\"wp-block-paragraph\">La Korallo \u00e8 una impresa artigiana, ed ha al suo interno dipendenti ed artigiani esperti in ICT (Information Communication Technology). L\u2019esperienza nasce da oltre 30 anni di lavoro nel settore delle telecomunicazioni dei nostri capi squadra o responsabili di reparto, che vengono affiancati da tecnici preparati e certificati. Le nostre soluzioni sono il frutto di questa grande esperienza unita alla capacit\u00e0 di ascoltare e capire i bisogni dei clienti.<br><br>Ogni problema del cliente ci da la possibilit\u00e0 di fare il nostro lavoro ed esprimere la nostra creativit\u00e0. Per questo ogni lavoro \u00e8 unico e personalizzato ma diventa un pezzo della nostra storia di cui andare fieri e prendermene cura nel tempo.<\/p>\n","protected":false},"excerpt":{"rendered":"<p>Chi siamo &#8211; La nostra storia Il settore delle Telecomunicazioni della Korallo nasce nel 2016, come nuovo progetto imprenditoriale per iniziativa del titolare Andrea Favaron e il supporto organizzativo di Davide Dalle Fusine.\u00a0 Andrea ha lavorato per oltre 30 anni con una delle principali aziende del settore nella provincia di Treviso come responsabile operativo del<\/p><\/div>\n<div class=\"blog-btn\"><a href=\"https:\/\/korallo.net\/index.php\/chi-siamo\/\" class=\"home-blog-btn\">Leggi tutto<\/a><\/p>\n","protected":false},"author":2,"featured_media":0,"parent":0,"menu_order":0,"comment_status":"closed","ping_status":"closed","template":"","meta":{"_crdt_document":"","footnotes":""},"class_list":["post-5962","page","type-page","status-publish","hentry"],"yoast_head":"<!-- This site is optimized with the Yoast SEO plugin v27.5 - https:\/\/yoast.com\/product\/yoast-seo-wordpress\/ -->\n<title>Chi Siamo - Korallo Srl<\/title>\n<meta name=\"robots\" content=\"index, follow, max-snippet:-1, max-image-preview:large, max-video-preview:-1\" \/>\n<link rel=\"canonical\" href=\"https:\/\/korallo.net\/index.php\/chi-siamo\/\" \/>\n<meta property=\"og:locale\" content=\"it_IT\" \/>\n<meta property=\"og:type\" content=\"article\" \/>\n<meta property=\"og:title\" content=\"Chi Siamo - Korallo Srl\" \/>\n<meta property=\"og:description\" content=\"Chi siamo &#8211; La nostra storia Il settore delle Telecomunicazioni della Korallo nasce nel 2016, come nuovo progetto imprenditoriale per iniziativa del titolare Andrea Favaron e il supporto organizzativo di Davide Dalle Fusine.\u00a0 Andrea ha lavorato per oltre 30 anni con una delle principali aziende del settore nella provincia di Treviso come responsabile operativo delLeggi tutto\" \/>\n<meta property=\"og:url\" content=\"https:\/\/korallo.net\/index.php\/chi-siamo\/\" \/>\n<meta property=\"og:site_name\" content=\"Korallo Srl\" \/>\n<meta property=\"article:modified_time\" content=\"2024-02-22T16:27:23+00:00\" \/>\n<meta name=\"twitter:card\" content=\"summary_large_image\" \/>\n<meta name=\"twitter:label1\" content=\"Tempo di lettura stimato\" \/>\n\t<meta name=\"twitter:data1\" content=\"2 minuti\" \/>\n<script type=\"application\/ld+json\" class=\"yoast-schema-graph\">{\"@context\":\"https:\\\/\\\/schema.org\",\"@graph\":[{\"@type\":\"WebPage\",\"@id\":\"https:\\\/\\\/korallo.net\\\/index.php\\\/chi-siamo\\\/\",\"url\":\"https:\\\/\\\/korallo.net\\\/index.php\\\/chi-siamo\\\/\",\"name\":\"Chi Siamo - Korallo Srl\",\"isPartOf\":{\"@id\":\"https:\\\/\\\/korallo.net\\\/#website\"},\"datePublished\":\"2021-12-11T10:23:40+00:00\",\"dateModified\":\"2024-02-22T16:27:23+00:00\",\"breadcrumb\":{\"@id\":\"https:\\\/\\\/korallo.net\\\/index.php\\\/chi-siamo\\\/#breadcrumb\"},\"inLanguage\":\"it-IT\",\"potentialAction\":[{\"@type\":\"ReadAction\",\"target\":[\"https:\\\/\\\/korallo.net\\\/index.php\\\/chi-siamo\\\/\"]}]},{\"@type\":\"BreadcrumbList\",\"@id\":\"https:\\\/\\\/korallo.net\\\/index.php\\\/chi-siamo\\\/#breadcrumb\",\"itemListElement\":[{\"@type\":\"ListItem\",\"position\":1,\"name\":\"Home\",\"item\":\"https:\\\/\\\/korallo.net\\\/\"},{\"@type\":\"ListItem\",\"position\":2,\"name\":\"Chi Siamo\"}]},{\"@type\":\"WebSite\",\"@id\":\"https:\\\/\\\/korallo.net\\\/#website\",\"url\":\"https:\\\/\\\/korallo.net\\\/\",\"name\":\"Korallo Srl\",\"description\":\"\",\"potentialAction\":[{\"@type\":\"SearchAction\",\"target\":{\"@type\":\"EntryPoint\",\"urlTemplate\":\"https:\\\/\\\/korallo.net\\\/?s={search_term_string}\"},\"query-input\":{\"@type\":\"PropertyValueSpecification\",\"valueRequired\":true,\"valueName\":\"search_term_string\"}}],\"inLanguage\":\"it-IT\"}]}<\/script>\n<!-- \/ Yoast SEO plugin. -->","yoast_head_json":{"title":"Chi Siamo - Korallo Srl","robots":{"index":"index","follow":"follow","max-snippet":"max-snippet:-1","max-image-preview":"max-image-preview:large","max-video-preview":"max-video-preview:-1"},"canonical":"https:\/\/korallo.net\/index.php\/chi-siamo\/","og_locale":"it_IT","og_type":"article","og_title":"Chi Siamo - Korallo Srl","og_description":"Chi siamo &#8211; La nostra storia Il settore delle Telecomunicazioni della Korallo nasce nel 2016, come nuovo progetto imprenditoriale per iniziativa del titolare Andrea Favaron e il supporto organizzativo di Davide Dalle Fusine.\u00a0 Andrea ha lavorato per oltre 30 anni con una delle principali aziende del settore nella provincia di Treviso come responsabile operativo delLeggi tutto","og_url":"https:\/\/korallo.net\/index.php\/chi-siamo\/","og_site_name":"Korallo Srl","article_modified_time":"2024-02-22T16:27:23+00:00","twitter_card":"summary_large_image","twitter_misc":{"Tempo di lettura stimato":"2 minuti"},"schema":{"@context":"https:\/\/schema.org","@graph":[{"@type":"WebPage","@id":"https:\/\/korallo.net\/index.php\/chi-siamo\/","url":"https:\/\/korallo.net\/index.php\/chi-siamo\/","name":"Chi Siamo - Korallo Srl","isPartOf":{"@id":"https:\/\/korallo.net\/#website"},"datePublished":"2021-12-11T10:23:40+00:00","dateModified":"2024-02-22T16:27:23+00:00","breadcrumb":{"@id":"https:\/\/korallo.net\/index.php\/chi-siamo\/#breadcrumb"},"inLanguage":"it-IT","potentialAction":[{"@type":"ReadAction","target":["https:\/\/korallo.net\/index.php\/chi-siamo\/"]}]},{"@type":"BreadcrumbList","@id":"https:\/\/korallo.net\/index.php\/chi-siamo\/#breadcrumb","itemListElement":[{"@type":"ListItem","position":1,"name":"Home","item":"https:\/\/korallo.net\/"},{"@type":"ListItem","position":2,"name":"Chi Siamo"}]},{"@type":"WebSite","@id":"https:\/\/korallo.net\/#website","url":"https:\/\/korallo.net\/","name":"Korallo Srl","description":"","potentialAction":[{"@type":"SearchAction","target":{"@type":"EntryPoint","urlTemplate":"https:\/\/korallo.net\/?s={search_term_string}"},"query-input":{"@type":"PropertyValueSpecification","valueRequired":true,"valueName":"search_term_string"}}],"inLanguage":"it-IT"}]}},"_links":{"self":[{"href":"https:\/\/korallo.net\/index.php\/wp-json\/wp\/v2\/pages\/5962","targetHints":{"allow":["GET"]}}],"collection":[{"href":"https:\/\/korallo.net\/index.php\/wp-json\/wp\/v2\/pages"}],"about":[{"href":"https:\/\/korallo.net\/index.php\/wp-json\/wp\/v2\/types\/page"}],"author":[{"embeddable":true,"href":"https:\/\/korallo.net\/index.php\/wp-json\/wp\/v2\/users\/2"}],"replies":[{"embeddable":true,"href":"https:\/\/korallo.net\/index.php\/wp-json\/wp\/v2\/comments?post=5962"}],"version-history":[{"count":3,"href":"https:\/\/korallo.net\/index.php\/wp-json\/wp\/v2\/pages\/5962\/revisions"}],"predecessor-version":[{"id":13537,"href":"https:\/\/korallo.net\/index.php\/wp-json\/wp\/v2\/pages\/5962\/revisions\/13537"}],"wp:attachment":[{"href":"https:\/\/korallo.net\/index.php\/wp-json\/wp\/v2\/media?parent=5962"}],"curies":[{"name":"wp","href":"https:\/\/api.w.org\/{rel}","templated":true}]}}