{"id":3682,"date":"2019-09-10T12:38:29","date_gmt":"2019-09-10T10:38:29","guid":{"rendered":"https:\/\/korallosrl.it\/?page_id=3682"},"modified":"2024-02-22T17:09:23","modified_gmt":"2024-02-22T16:09:23","slug":"k-pbx-telefonia-comunicazione","status":"publish","type":"page","link":"https:\/\/korallo.net\/index.php\/k-pbx-telefonia-comunicazione\/","title":{"rendered":"K-PBX Communication"},"content":{"rendered":"\n<div class=\"wp-block-columns is-layout-flex wp-container-core-columns-is-layout-8f761849 wp-block-columns-is-layout-flex\">\n<div class=\"wp-block-column is-layout-flow wp-block-column-is-layout-flow\" style=\"flex-basis:25%\">\n<div class=\"wp-block-buttons is-content-justification-center is-layout-flex wp-container-core-buttons-is-layout-fe48e5de wp-block-buttons-is-layout-flex\">\n<div class=\"wp-block-button has-custom-width wp-block-button__width-75 has-custom-font-size has-small-font-size\"><a class=\"wp-block-button__link has-background wp-element-button\" href=\"https:\/\/korallo.net\/index.php\/k-cab-cablaggio-strutturato\/\" style=\"border-top-left-radius:15px;border-top-right-radius:0px;border-bottom-left-radius:0px;border-bottom-right-radius:15px;background:linear-gradient(45deg,rgb(165,22,32) 39%,rgb(33,32,46) 100%)\">K-CAB: Cabling<\/a><\/div>\n<\/div>\n<\/div>\n\n\n\n<div class=\"wp-block-column is-layout-flow wp-block-column-is-layout-flow\" style=\"flex-basis:50%\">\n<div style=\"height:15px\" aria-hidden=\"true\" class=\"wp-block-spacer\"><\/div>\n<\/div>\n\n\n\n<div class=\"wp-block-column is-layout-flow wp-block-column-is-layout-flow\" style=\"flex-basis:25%\">\n<div class=\"wp-block-buttons is-content-justification-center is-layout-flex wp-container-core-buttons-is-layout-fe48e5de wp-block-buttons-is-layout-flex\">\n<div class=\"wp-block-button has-custom-width wp-block-button__width-75 has-custom-font-size has-small-font-size\"><a class=\"wp-block-button__link has-background wp-element-button\" href=\"https:\/\/korallo.net\/index.php\/k-net-networking\/\" style=\"border-top-left-radius:0px;border-top-right-radius:15px;border-bottom-left-radius:15px;border-bottom-right-radius:0px;background:linear-gradient(135deg,rgb(33,32,46) 0%,rgb(165,22,32) 62%)\">K-NET: Networking<\/a><\/div>\n<\/div>\n<\/div>\n<\/div>\n\n\n\n<div style=\"height:40px\" aria-hidden=\"true\" class=\"wp-block-spacer\"><\/div>\n\n\n\n<h1 class=\"has-text-align-center\" style=\"font-size: 2.7rem;\"><span style=\"color: red;\">K<\/span>-PBX : Communication<\/h1>\n\n\n\n<p><style>\r\nhr {\r\nalign:center;\r\nborder: none;\r\nheight: 1px;\r\n\/* Set the hr color *\/\r\ncolor: #808080; \/* old IE *\/\r\nbackground-color: #808080; \/* Modern Browsers *\/\r\n}\r\n\r\n@media screen and (min-width: 1000px) {\r\nhr {\r\nwidth:65%;\r\n}\r\n}\r\n<\/style><\/p>\r\n<hr \/>\r\n<div class=\"wp-block-spacer\" style=\"height: 10px;\" aria-hidden=\"true\">\u00a0<\/div>\n\n\n\n<h2 class=\"has-text-align-center\">Le nostre proposte di <span style=\"color: red;\">c<\/span>omunicazione<\/h2>\n\n\n\n<div class=\"wp-block-spacer\" style=\"height: 10px;\" aria-hidden=\"true\">\u00a0<\/div>\n\n\n\n<p><style>\r\n    @media screen and (max-width: 1000px) {\r\n        .img2 {\r\n            width: 100%;\r\n            display: block;\r\n            margin-bottom: 15px;\r\n        }\r\n\r\n        p {\r\n            font-size: 16px;\r\n        }\r\n\r\n        ul li {\r\n            font-size: 16px;\r\n        }\r\n\r\n        h1 {\r\n            font-size: 22px;\r\n        }\r\n\r\n        h2 {\r\n            font-size: 21px;\r\n        }\r\n\r\n        h3 {\r\n            font-size: 20px;\r\n        }\r\n    }\r\n\r\n    @media screen and (min-width: 1000px) {\r\n        .img2 {\r\n            width: 40%;\r\n            margin-right: 15px;\r\n            float: left;\r\n        }\r\n\r\n        p {\r\n            font-size: 0.9rem;\r\n        }\r\n\r\n        ul li {\r\n            font-size: 0.9rem;\r\n        }\r\n    }\r\n<\/style><\/p>\r\n<p><img decoding=\"async\" class=\"img2\" src=\"https:\/\/korallo.net\/wp-content\/uploads\/2022\/01\/262940792_10159828302476834_309946651467372489_n-modified.png\" alt=\"network cables\" \/> Korallo srl offre soluzioni di telefonia per nuove installazioni nonch\u00e9 per manutenzione e implementazione di sistemi esistenti.<\/p>\r\n<p>Per entrambe le esigenze trattiamo sia la telefonia fissa (digitale o analogica) che quella cordless DECT\/IP in qualsiasi ambiente di rete.<\/p>\r\n<p>Per le nuove installazioni prediligiamo, visto l\u2019evolversi della tecnologia, sistemi Voice over IP con centrali software, altamente scalabili, affidabili, gestibili e flessibili, basate sia su hardware dedicati da noi forniti, che su spazi virtualizzati messi a disposizione dal cliente, con l\u2019obiettivo di integrare il sistema telefonico con le moderne tecnologie di networking e abbattere i limiti delle vecchie reti dedicate sfruttando i supporti offerti dai nuovi cablaggi strutturati.<\/p>\r\n<p>E\u2019 cos\u00ec con estrema semplicit\u00e0 che qualsiasi terminale telefonico, sia esso cablato che cordless, \u00e8 installabile non solo in qualsiasi punto o area dell\u2019azienda ma addirittura in locazioni geografiche pi\u00f9 disparate grazie al supporto offerto dalle tecnologie di networking come ponti radio o VPN.<\/p>\n\n\n\n<div style=\"height:50px\" aria-hidden=\"true\" class=\"wp-block-spacer\"><\/div>\n\n\n\n<h3 class=\"wp-block-heading has-text-align-center\" id=\"i-servizi-di-fonia-offerti-da-korallo\">I servizi di fonia offerti da Korallo<\/h3>\n\n\n\n<p class=\"wp-block-paragraph\">In virtu&#8217; della crescita tecnologica, la telefonia interna offre oggi numerosi vantaggi rispetto alle limitazioni delle centrali analogico-digitali di vecchia generazione.<br>Korallo propone quindi centrali telefoniche (PBX) in tecnologia VoIP nelle quali il dialogo tra terminali telefonici e centrale stessa e&#8217; totalmente in protocollo di rete, identico a quello utilizzato da PC e Server, il risultato e&#8217; un sistema superiore in quanto a prestazioni ma soprattutto a prezzo, poich\u00e8 i sistemi non piu&#8217; proprietari ma open-source, richiedono minor spesa in termini di ricerca e sviluppo che le produzioni di brand commerciali esigono.<br>Possiamo quindi arrivare ad abbattere completamente il costo dell&#8217;hardware della centrale quando il cliente mette a disposizione spazi virtualizzati entro il loro server esistente.<br>Quando cio&#8217; non fosse possibile, la soluzione hardware ha comunque costi molto contenuti continuando ad offrire contemporaneamente una moltitudine di servizi gratuiti contrariamente a quelli disponibili a pagamento sulle centrali pbx tradizionali.<\/p>\n\n\n\n<p class=\"wp-block-paragraph\">Nonostante questo, Korallo si offre di valutare le riparazioni, le implementazioni, le manutenzioni per i clienti che possiedono gia&#8217; una centrale telefonica tradizionale delle marche piu&#8217; comuni come Panasonic, Alcatel, Avaya, Samsung, Bosh, ecc. che non giustifichino una sostituzione del sistema, compatibilmente con la reperibilita&#8217; (obsolescenza) e costi del materiale necessario a tali attivita&#8217;.<\/p>\n\n\n<p><span style=\"color: #ffffff;\">Cabling Networking e Communication Treviso PBX centralini telefonici panasonic samsung avaya alcatel installazioni e manutenzioni centrali VoIP reti in fibra ottica e rame certificazioni riparazioni telefoni<\/span><\/p>\n\n\n<div style=\"height:50px\" aria-hidden=\"true\" class=\"wp-block-spacer\"><\/div>\n\n\n\n<h3 class=\"wp-block-heading has-text-align-center\" id=\"i-marchi-a-cui-ci-affidiamo-per-proporvi-le-migliori-soluzioni\">I marchi a cui ci affidiamo per proporvi le migliori soluzioni<\/h3>\n\n\n\n<div class=\"wp-block-columns is-layout-flex wp-container-core-columns-is-layout-8f761849 wp-block-columns-is-layout-flex\">\n<div class=\"wp-block-column is-layout-flow wp-block-column-is-layout-flow\">\n<div class=\"quadro\">\r\n<div class=\"post text-center wow flipInX animated animated square\" style=\"visibility: visible; animation-delay: 0.5s; animation-name: flipInX;\" data-wow-delay=\".5s\">\r\n<figure class=\"post-thumbnail\"><img decoding=\"async\" class=\"services_cols_mn_icon\" title=\"\" src=\"https:\/\/korallo.net\/wp-content\/uploads\/2022\/01\/sangoma-1.jpg\" alt=\"\" \/><\/figure>\r\n<\/div>\r\n<\/div>\n<\/div>\n\n\n\n<div class=\"wp-block-column is-layout-flow wp-block-column-is-layout-flow\">\n<div class=\"quadro\">\r\n<div class=\"post text-center wow flipInX animated animated square\" style=\"visibility: visible; animation-delay: 0.5s; animation-name: flipInX;\" data-wow-delay=\".5s\">\r\n<figure class=\"post-thumbnail\"><img decoding=\"async\" class=\"services_cols_mn_icon\" title=\"\" src=\"https:\/\/korallo.net\/wp-content\/uploads\/2022\/01\/yealink.jpg\" alt=\"\" \/><\/figure>\r\n<\/div>\r\n<\/div>\n<\/div>\n\n\n\n<div class=\"wp-block-column is-layout-flow wp-block-column-is-layout-flow\">\n<div class=\"quadro\">\r\n<div class=\"post text-center wow flipInX animated animated square\" style=\"visibility: visible; animation-delay: 0.5s; animation-name: flipInX;\" data-wow-delay=\".5s\">\r\n<figure class=\"post-thumbnail\"><img decoding=\"async\" class=\"services_cols_mn_icon\" title=\"\" src=\"https:\/\/korallo.net\/wp-content\/uploads\/2022\/01\/gigaset.jpg\" alt=\"\" \/><\/figure>\r\n<\/div>\r\n<\/div>\n<\/div>\n\n\n\n<div class=\"wp-block-column is-layout-flow wp-block-column-is-layout-flow\">\n<div class=\"quadro\">\r\n<div class=\"post text-center wow flipInX animated animated square\" style=\"visibility: visible; animation-delay: 0.5s; animation-name: flipInX;\" data-wow-delay=\".5s\">\r\n<figure class=\"post-thumbnail\"><img decoding=\"async\" class=\"services_cols_mn_icon\" title=\"\" src=\"https:\/\/korallo.net\/wp-content\/uploads\/2022\/01\/snom.jpg\" alt=\"\" \/><\/figure>\r\n<\/div>\r\n<\/div>\n<\/div>\n<\/div>\n\n\n\n<div class=\"wp-block-columns is-layout-flex wp-container-core-columns-is-layout-8f761849 wp-block-columns-is-layout-flex\">\n<div class=\"wp-block-column is-layout-flow wp-block-column-is-layout-flow\">\n<div class=\"quadro\">\r\n<div class=\"post text-center wow flipInX animated animated square\" style=\"visibility: visible; animation-delay: 0.5s; animation-name: flipInX;\" data-wow-delay=\".5s\">\r\n<figure class=\"post-thumbnail\"><img decoding=\"async\" class=\"services_cols_mn_icon\" title=\"\" src=\"https:\/\/korallo.net\/wp-content\/uploads\/2022\/01\/avaya.jpg\" alt=\"\" \/><\/figure>\r\n<\/div>\r\n<\/div>\n<\/div>\n\n\n\n<div class=\"wp-block-column is-layout-flow wp-block-column-is-layout-flow\">\n<div class=\"quadro\">\r\n<div class=\"post text-center wow flipInX animated animated square\" style=\"visibility: visible; animation-delay: 0.5s; animation-name: flipInX;\" data-wow-delay=\".5s\">\r\n<figure class=\"post-thumbnail\"><img decoding=\"async\" class=\"services_cols_mn_icon\" title=\"\" src=\"https:\/\/korallo.net\/wp-content\/uploads\/2022\/01\/panasonic.jpg\" alt=\"\" \/><\/figure>\r\n<\/div>\r\n<\/div>\n<\/div>\n\n\n\n<div class=\"wp-block-column is-layout-flow wp-block-column-is-layout-flow\">\n<div class=\"quadro\">\r\n<div class=\"post text-center wow flipInX animated animated square\" style=\"visibility: visible; animation-delay: 0.5s; animation-name: flipInX;\" data-wow-delay=\".5s\">\r\n<figure class=\"post-thumbnail\"><img decoding=\"async\" class=\"services_cols_mn_icon\" title=\"\" src=\"https:\/\/korallo.net\/wp-content\/uploads\/2022\/01\/innovaphone.jpg\" alt=\"\" \/><\/figure>\r\n<\/div>\r\n<\/div>\n<\/div>\n\n\n\n<div class=\"wp-block-column is-layout-flow wp-block-column-is-layout-flow\">\n<div class=\"quadro\">\r\n<div class=\"post text-center wow flipInX animated animated square\" style=\"visibility: visible; animation-delay: 0.5s; animation-name: flipInX;\" data-wow-delay=\".5s\">\r\n<figure class=\"post-thumbnail\"><img decoding=\"async\" class=\"services_cols_mn_icon\" title=\"\" src=\"https:\/\/korallo.net\/wp-content\/uploads\/2022\/01\/alcatel.jpg\" alt=\"\" \/><\/figure>\r\n<\/div>\r\n<\/div>\n<\/div>\n<\/div>\n\n\n\n<div style=\"height:50px\" aria-hidden=\"true\" class=\"wp-block-spacer\"><\/div>\n","protected":false},"excerpt":{"rendered":"<p>K-PBX : Communication \u00a0 Le nostre proposte di comunicazione \u00a0 Korallo srl offre soluzioni di telefonia per nuove installazioni nonch\u00e9 per manutenzione e implementazione di sistemi esistenti. Per entrambe le esigenze trattiamo sia la telefonia fissa (digitale o analogica) che quella cordless DECT\/IP in qualsiasi ambiente di rete. Per le nuove installazioni prediligiamo, visto l\u2019evolversi<\/p><\/div>\n<div class=\"blog-btn\"><a href=\"https:\/\/korallo.net\/index.php\/k-pbx-telefonia-comunicazione\/\" class=\"home-blog-btn\">Leggi tutto<\/a><\/p>\n","protected":false},"author":10,"featured_media":0,"parent":0,"menu_order":0,"comment_status":"closed","ping_status":"closed","template":"","meta":{"_crdt_document":"","footnotes":""},"class_list":["post-3682","page","type-page","status-publish","hentry"],"yoast_head":"<!-- This site is optimized with the Yoast SEO plugin v27.5 - https:\/\/yoast.com\/product\/yoast-seo-wordpress\/ -->\n<title>Korallo srl: comunicazione, realizzazione siti web, web marketing<\/title>\n<meta name=\"description\" content=\"Korallo srl: comunicazione, realizzazione siti web, web marketing, offerte, adsl, fibra, telefono fisso, speed test, copertura, wordpress, dominio, hosting\" \/>\n<meta name=\"robots\" content=\"index, follow, max-snippet:-1, max-image-preview:large, max-video-preview:-1\" \/>\n<link rel=\"canonical\" href=\"https:\/\/korallo.net\/index.php\/k-pbx-telefonia-comunicazione\/\" \/>\n<meta property=\"og:locale\" content=\"it_IT\" \/>\n<meta property=\"og:type\" content=\"article\" \/>\n<meta property=\"og:title\" content=\"Korallo srl: comunicazione, realizzazione siti web, web marketing\" \/>\n<meta property=\"og:description\" content=\"Korallo srl: comunicazione, realizzazione siti web, web marketing, offerte, adsl, fibra, telefono fisso, speed test, copertura, wordpress, dominio, hosting\" \/>\n<meta property=\"og:url\" content=\"https:\/\/korallo.net\/index.php\/k-pbx-telefonia-comunicazione\/\" \/>\n<meta property=\"og:site_name\" content=\"Korallo Srl\" \/>\n<meta property=\"article:modified_time\" content=\"2024-02-22T16:09:23+00:00\" \/>\n<meta property=\"og:image\" content=\"https:\/\/korallo.net\/wp-content\/uploads\/2022\/01\/262940792_10159828302476834_309946651467372489_n-modified.png\" \/>\n<meta name=\"twitter:card\" content=\"summary_large_image\" \/>\n<meta name=\"twitter:label1\" content=\"Tempo di lettura stimato\" \/>\n\t<meta name=\"twitter:data1\" content=\"4 minuti\" \/>\n<script type=\"application\/ld+json\" class=\"yoast-schema-graph\">{\"@context\":\"https:\\\/\\\/schema.org\",\"@graph\":[{\"@type\":\"WebPage\",\"@id\":\"https:\\\/\\\/korallo.net\\\/index.php\\\/k-pbx-telefonia-comunicazione\\\/\",\"url\":\"https:\\\/\\\/korallo.net\\\/index.php\\\/k-pbx-telefonia-comunicazione\\\/\",\"name\":\"Korallo srl: comunicazione, realizzazione siti web, web marketing\",\"isPartOf\":{\"@id\":\"https:\\\/\\\/korallo.net\\\/#website\"},\"primaryImageOfPage\":{\"@id\":\"https:\\\/\\\/korallo.net\\\/index.php\\\/k-pbx-telefonia-comunicazione\\\/#primaryimage\"},\"image\":{\"@id\":\"https:\\\/\\\/korallo.net\\\/index.php\\\/k-pbx-telefonia-comunicazione\\\/#primaryimage\"},\"thumbnailUrl\":\"https:\\\/\\\/korallo.net\\\/wp-content\\\/uploads\\\/2022\\\/01\\\/262940792_10159828302476834_309946651467372489_n-modified.png\",\"datePublished\":\"2019-09-10T10:38:29+00:00\",\"dateModified\":\"2024-02-22T16:09:23+00:00\",\"description\":\"Korallo srl: comunicazione, realizzazione siti web, web marketing, offerte, adsl, fibra, telefono fisso, speed test, copertura, wordpress, dominio, hosting\",\"breadcrumb\":{\"@id\":\"https:\\\/\\\/korallo.net\\\/index.php\\\/k-pbx-telefonia-comunicazione\\\/#breadcrumb\"},\"inLanguage\":\"it-IT\",\"potentialAction\":[{\"@type\":\"ReadAction\",\"target\":[\"https:\\\/\\\/korallo.net\\\/index.php\\\/k-pbx-telefonia-comunicazione\\\/\"]}]},{\"@type\":\"ImageObject\",\"inLanguage\":\"it-IT\",\"@id\":\"https:\\\/\\\/korallo.net\\\/index.php\\\/k-pbx-telefonia-comunicazione\\\/#primaryimage\",\"url\":\"https:\\\/\\\/korallo.net\\\/wp-content\\\/uploads\\\/2022\\\/01\\\/262940792_10159828302476834_309946651467372489_n-modified.png\",\"contentUrl\":\"https:\\\/\\\/korallo.net\\\/wp-content\\\/uploads\\\/2022\\\/01\\\/262940792_10159828302476834_309946651467372489_n-modified.png\",\"width\":750,\"height\":500},{\"@type\":\"BreadcrumbList\",\"@id\":\"https:\\\/\\\/korallo.net\\\/index.php\\\/k-pbx-telefonia-comunicazione\\\/#breadcrumb\",\"itemListElement\":[{\"@type\":\"ListItem\",\"position\":1,\"name\":\"Home\",\"item\":\"https:\\\/\\\/korallo.net\\\/\"},{\"@type\":\"ListItem\",\"position\":2,\"name\":\"K-PBX Communication\"}]},{\"@type\":\"WebSite\",\"@id\":\"https:\\\/\\\/korallo.net\\\/#website\",\"url\":\"https:\\\/\\\/korallo.net\\\/\",\"name\":\"Korallo Srl\",\"description\":\"\",\"potentialAction\":[{\"@type\":\"SearchAction\",\"target\":{\"@type\":\"EntryPoint\",\"urlTemplate\":\"https:\\\/\\\/korallo.net\\\/?s={search_term_string}\"},\"query-input\":{\"@type\":\"PropertyValueSpecification\",\"valueRequired\":true,\"valueName\":\"search_term_string\"}}],\"inLanguage\":\"it-IT\"}]}<\/script>\n<!-- \/ Yoast SEO plugin. -->","yoast_head_json":{"title":"Korallo srl: comunicazione, realizzazione siti web, web marketing","description":"Korallo srl: comunicazione, realizzazione siti web, web marketing, offerte, adsl, fibra, telefono fisso, speed test, copertura, wordpress, dominio, hosting","robots":{"index":"index","follow":"follow","max-snippet":"max-snippet:-1","max-image-preview":"max-image-preview:large","max-video-preview":"max-video-preview:-1"},"canonical":"https:\/\/korallo.net\/index.php\/k-pbx-telefonia-comunicazione\/","og_locale":"it_IT","og_type":"article","og_title":"Korallo srl: comunicazione, realizzazione siti web, web marketing","og_description":"Korallo srl: comunicazione, realizzazione siti web, web marketing, offerte, adsl, fibra, telefono fisso, speed test, copertura, wordpress, dominio, hosting","og_url":"https:\/\/korallo.net\/index.php\/k-pbx-telefonia-comunicazione\/","og_site_name":"Korallo Srl","article_modified_time":"2024-02-22T16:09:23+00:00","og_image":[{"url":"https:\/\/korallo.net\/wp-content\/uploads\/2022\/01\/262940792_10159828302476834_309946651467372489_n-modified.png","type":"","width":"","height":""}],"twitter_card":"summary_large_image","twitter_misc":{"Tempo di lettura stimato":"4 minuti"},"schema":{"@context":"https:\/\/schema.org","@graph":[{"@type":"WebPage","@id":"https:\/\/korallo.net\/index.php\/k-pbx-telefonia-comunicazione\/","url":"https:\/\/korallo.net\/index.php\/k-pbx-telefonia-comunicazione\/","name":"Korallo srl: comunicazione, realizzazione siti web, web marketing","isPartOf":{"@id":"https:\/\/korallo.net\/#website"},"primaryImageOfPage":{"@id":"https:\/\/korallo.net\/index.php\/k-pbx-telefonia-comunicazione\/#primaryimage"},"image":{"@id":"https:\/\/korallo.net\/index.php\/k-pbx-telefonia-comunicazione\/#primaryimage"},"thumbnailUrl":"https:\/\/korallo.net\/wp-content\/uploads\/2022\/01\/262940792_10159828302476834_309946651467372489_n-modified.png","datePublished":"2019-09-10T10:38:29+00:00","dateModified":"2024-02-22T16:09:23+00:00","description":"Korallo srl: comunicazione, realizzazione siti web, web marketing, offerte, adsl, fibra, telefono fisso, speed test, copertura, wordpress, dominio, hosting","breadcrumb":{"@id":"https:\/\/korallo.net\/index.php\/k-pbx-telefonia-comunicazione\/#breadcrumb"},"inLanguage":"it-IT","potentialAction":[{"@type":"ReadAction","target":["https:\/\/korallo.net\/index.php\/k-pbx-telefonia-comunicazione\/"]}]},{"@type":"ImageObject","inLanguage":"it-IT","@id":"https:\/\/korallo.net\/index.php\/k-pbx-telefonia-comunicazione\/#primaryimage","url":"https:\/\/korallo.net\/wp-content\/uploads\/2022\/01\/262940792_10159828302476834_309946651467372489_n-modified.png","contentUrl":"https:\/\/korallo.net\/wp-content\/uploads\/2022\/01\/262940792_10159828302476834_309946651467372489_n-modified.png","width":750,"height":500},{"@type":"BreadcrumbList","@id":"https:\/\/korallo.net\/index.php\/k-pbx-telefonia-comunicazione\/#breadcrumb","itemListElement":[{"@type":"ListItem","position":1,"name":"Home","item":"https:\/\/korallo.net\/"},{"@type":"ListItem","position":2,"name":"K-PBX Communication"}]},{"@type":"WebSite","@id":"https:\/\/korallo.net\/#website","url":"https:\/\/korallo.net\/","name":"Korallo Srl","description":"","potentialAction":[{"@type":"SearchAction","target":{"@type":"EntryPoint","urlTemplate":"https:\/\/korallo.net\/?s={search_term_string}"},"query-input":{"@type":"PropertyValueSpecification","valueRequired":true,"valueName":"search_term_string"}}],"inLanguage":"it-IT"}]}},"_links":{"self":[{"href":"https:\/\/korallo.net\/index.php\/wp-json\/wp\/v2\/pages\/3682","targetHints":{"allow":["GET"]}}],"collection":[{"href":"https:\/\/korallo.net\/index.php\/wp-json\/wp\/v2\/pages"}],"about":[{"href":"https:\/\/korallo.net\/index.php\/wp-json\/wp\/v2\/types\/page"}],"author":[{"embeddable":true,"href":"https:\/\/korallo.net\/index.php\/wp-json\/wp\/v2\/users\/10"}],"replies":[{"embeddable":true,"href":"https:\/\/korallo.net\/index.php\/wp-json\/wp\/v2\/comments?post=3682"}],"version-history":[{"count":26,"href":"https:\/\/korallo.net\/index.php\/wp-json\/wp\/v2\/pages\/3682\/revisions"}],"predecessor-version":[{"id":13534,"href":"https:\/\/korallo.net\/index.php\/wp-json\/wp\/v2\/pages\/3682\/revisions\/13534"}],"wp:attachment":[{"href":"https:\/\/korallo.net\/index.php\/wp-json\/wp\/v2\/media?parent=3682"}],"curies":[{"name":"wp","href":"https:\/\/api.w.org\/{rel}","templated":true}]}}