{"id":3636,"date":"2019-09-09T12:00:42","date_gmt":"2019-09-09T10:00:42","guid":{"rendered":"https:\/\/korallosrl.it\/?page_id=3636"},"modified":"2024-02-22T17:00:41","modified_gmt":"2024-02-22T16:00:41","slug":"cabling-networking-communication","status":"publish","type":"page","link":"https:\/\/korallo.net\/","title":{"rendered":"Home"},"content":{"rendered":"\n<div class=\"wp-block-image\">\r\n<figure class=\"aligncenter\"><img decoding=\"async\" class=\"wp-image-6097\" src=\"https:\/\/korallo.net\/wp-content\/uploads\/2022\/01\/logo-korallo-no-srl.png\" alt=\"Korallo Srl\" width=\"500px\" height=\"auto\" srcset=\"https:\/\/korallo.net\/wp-content\/uploads\/2022\/01\/logo-korallo-no-srl.png 3431w, https:\/\/korallo.net\/wp-content\/uploads\/2022\/01\/logo-korallo-no-srl-300x63.png 300w, https:\/\/korallo.net\/wp-content\/uploads\/2022\/01\/logo-korallo-no-srl-1024x214.png 1024w, https:\/\/korallo.net\/wp-content\/uploads\/2022\/01\/logo-korallo-no-srl-768x160.png 768w, https:\/\/korallo.net\/wp-content\/uploads\/2022\/01\/logo-korallo-no-srl-1536x321.png 1536w, https:\/\/korallo.net\/wp-content\/uploads\/2022\/01\/logo-korallo-no-srl-2048x428.png 2048w\" sizes=\"(max-width: 3431px) 100vw, 3431px\" \/><\/figure>\r\n<\/div>\n\n\n\n<h2 class=\"wp-block-heading has-text-align-center\" id=\"artigiani-esperti-in-ict\">Reti e Servizi per Telecomunicazioni<\/h2>\n\n\n\n<h2 class=\"wp-block-heading has-text-align-center\" id=\"i-servizi-che-korallo-vi-offre\"><strong>I servizi che <span style=\"color: red;\">K<\/span>orallo vi offre<\/strong>:<\/h2>\n\n\n\n<div class=\"wp-block-columns is-layout-flex wp-container-core-columns-is-layout-8f761849 wp-block-columns-is-layout-flex\">\n<div class=\"wp-block-column is-layout-flow wp-block-column-is-layout-flow\">\n<div class=\"quadro\">\r\n<div class=\"post text-center wow flipInX animated animated\" style=\"visibility: visible; animation-delay: 0.5s; animation-name: flipInX;\" data-wow-delay=\".5s\">\r\n<figure class=\"post-thumbnail\"><a href=\"https:\/\/korallo.net\/index.php\/k-cab-cablaggio-strutturato\/\"><img loading=\"lazy\" decoding=\"async\" class=\"services_cols_mn_icon alignnone\" title=\"K-CAB Cabling\" src=\"https:\/\/korallo.net\/wp-content\/uploads\/2022\/11\/cabling.jpg\" alt=\"K-CAB Cabling\" width=\"750\" height=\"500\" \/><\/a><\/figure>\r\n<div class=\"entry-header\">\r\n<h4 class=\"entry-title\"><span style=\"color: red;\">K<\/span>-CAB : Cabling<\/h4>\r\n<\/div>\r\n<div class=\"entry-content\">\r\n<p>Cabling strutturato di reti Lan<br \/>in rame e fibra ottica<\/p>\r\n<\/div>\r\n<\/div>\r\n<\/div>\n<\/div>\n\n\n\n<div class=\"wp-block-column is-layout-flow wp-block-column-is-layout-flow\">\n<div class=\"quadro\">\r\n<div class=\"post text-center wow flipInX animated animated\" style=\"visibility: visible; animation-delay: 0.5s; animation-name: flipInX;\" data-wow-delay=\".5s\">\r\n<figure class=\"post-thumbnail\"><a href=\"https:\/\/korallo.net\/index.php\/k-net-networking\/\"> <img decoding=\"async\" class=\"services_cols_mn_icon\" title=\"K-NET Networking\" src=\"https:\/\/korallo.net\/wp-content\/uploads\/2022\/01\/1560132.png\" alt=\"K-NET Networking\" \/><\/a><\/figure>\r\n<div class=\"entry-header\">\r\n<h4 class=\"entry-title\"><span style=\"color: red;\">K<\/span>-NET : Networking<\/h4>\r\n<\/div>\r\n<div class=\"entry-content\">\r\n<p>Dispositivi di networking attivo,<br \/>firewall, router e switch<\/p>\r\n<\/div>\r\n<\/div>\r\n<\/div>\n<\/div>\n\n\n\n<div class=\"wp-block-column is-layout-flow wp-block-column-is-layout-flow\">\n<div class=\"quadro\">\r\n<div class=\"post text-center wow flipInX animated animated\" style=\"visibility: visible; animation-delay: 0.5s; animation-name: flipInX;\" data-wow-delay=\".5s\">\r\n<figure class=\"post-thumbnail\"><a href=\"https:\/\/korallo.net\/index.php\/k-pbx-telefonia-comunicazione\/\"> <img decoding=\"async\" class=\"services_cols_mn_icon\" title=\"K-PBX Communication\" src=\"https:\/\/korallo.net\/wp-content\/uploads\/2022\/01\/262940792_10159828302476834_309946651467372489_n-modified.png\" alt=\"K-PBX Communication\" \/><\/a><\/figure>\r\n<div class=\"entry-header\">\r\n<h4 class=\"entry-title\"><span style=\"color: red;\">K<\/span>-PBX : Communication<\/h4>\r\n<\/div>\r\n<div class=\"entry-content\">\r\n<p>Telefonia VoIP e tradizionale,<br \/>cablata e wireless<\/p>\r\n<\/div>\r\n<\/div>\r\n<\/div>\n<\/div>\n<\/div>\n\n\n\n<div class=\"wp-block-spacer\" style=\"height: 33px;\" aria-hidden=\"true\">\u00a0<\/div>\n\n\n\n<p class=\"has-medium-font-size wp-block-paragraph\">La nostra azienda \u00e8 una realt\u00e0 Artigiana, una realt\u00e0 dinamica, fatta di persone altamente specializzate che svolgono il lavoro con <strong>passione<\/strong> e <strong>professionalit\u00e0<\/strong>. (<a href=\"https:\/\/korallo.net\/index.php\/chi-siamo\/\" target=\"_blank\" rel=\"noreferrer noopener\">scopri di pi\u00f9 della nostra storia<\/a>)<br \/>Crediamo che esista ancora la possibilit\u00e0 di poter eseguire \u201c<strong>lavori svolti a regola d\u2019arte<\/strong>\u201d, come si scriveva un tempo nei preventivi, e che questo possa essere un servizio con una sana etica del lavoro, conveniente per il cliente e gratificante per chi lo esegue. (<a href=\"https:\/\/korallo.net\/index.php\/come-lavoriamo\/\" target=\"_blank\" rel=\"noreferrer noopener\">scopri di pi\u00f9 su come lavoriamo<\/a>)<\/p>\r\n\n<p class=\"has-medium-font-size wp-block-paragraph\">Collaboriamo con importanti realt\u00e0 del territorio per partecipare alla realizzazione di <strong>grandi progetti<\/strong>, realizziamo in autonomia i <strong>lavori su commissione<\/strong> per i clienti dei nostri collaboratori e aiutiamo le piccole realt\u00e0 del territorio nella gestione delle loro <strong>reti aziendali<\/strong>.<\/p>\r\n<h1 class=\"entry-title\"><span style=\"color: white;\">\n\n<\/span><\/h1>\r\n<p><span style=\"color: #ffffff;\">Cabling Networking e Communication Treviso PBX centralini telefonici panasonic samsung avaya alcatel installazioni e manutenzioni centrali VoIP reti in fibra ottica e rame certificazioni riparazioni telefoni<\/span><\/p>\r\n<h1 class=\"entry-title\"><span style=\"color: white;\"> \n\n<\/span><\/h1>\r\n<div class=\"wp-block-spacer\" style=\"height: 28px;\" aria-hidden=\"true\">\u00a0<\/div>\r\n<h1 class=\"entry-title\"><span style=\"color: white;\">\n\n\r\n\r\n\n<\/span><\/h1>\r\n<div class=\"wp-block-spacer\" style=\"height: 10px;\" aria-hidden=\"true\">\u00a0<\/div>\r\n<h1 class=\"entry-title\"><span style=\"color: white;\">\n\n\r\n\r\n\n<\/span><\/h1>\r\n<hr class=\"wp-block-separator has-text-color has-vivid-red-color has-css-opacity has-vivid-red-background-color has-background is-style-dots\" \/>\r\n<h1 class=\"entry-title\"><span style=\"color: white;\">\n\n\r\n\r\n\n<\/span><\/h1>\r\n<div class=\"wp-block-spacer\" style=\"height: 10px;\" aria-hidden=\"true\">\u00a0<\/div>\r\n<h1 class=\"entry-title\"><span style=\"color: white;\">\n\n\r\n\r\n\n<\/span><\/h1>\r\n<div class=\"wp-block-spacer\" style=\"height: 30px;\" aria-hidden=\"true\">\u00a0<\/div>\r\n<h1 class=\"entry-title\"><span style=\"color: white;\">\n\n\r\n\r\n\n<\/span><\/h1>\r\n<div class=\"wp-block-spacer\" style=\"height: 30px;\" aria-hidden=\"true\">\u00a0<\/div>\r\n<h1 class=\"entry-title\"><span style=\"color: white;\">\n\n\r\n\r\n\n<\/span><\/h1>\r\n<p class=\"wp-block-paragraph\">&nbsp;<\/p>\r\n<h1 class=\"entry-title\"><span style=\"color: white;\">\n\n<\/span><\/h1>\n","protected":false},"excerpt":{"rendered":"<p>Reti e Servizi per Telecomunicazioni I servizi che Korallo vi offre: K-CAB : Cabling Cabling strutturato di reti Lanin rame e fibra ottica K-NET : Networking Dispositivi di networking attivo,firewall, router e switch K-PBX : Communication Telefonia VoIP e tradizionale,cablata e wireless<\/p>\n","protected":false},"author":10,"featured_media":0,"parent":0,"menu_order":0,"comment_status":"closed","ping_status":"closed","template":"","meta":{"_crdt_document":"","footnotes":""},"class_list":["post-3636","page","type-page","status-publish","hentry"],"yoast_head":"<!-- This site is optimized with the Yoast SEO plugin v27.5 - https:\/\/yoast.com\/product\/yoast-seo-wordpress\/ -->\n<title>Korallo Srl: Cablaggio strutturato, networking, telefonia, Voip pbx<\/title>\n<meta name=\"description\" content=\"Cablaggio strutturato, networking, telefonia, centralini telefonici VoIP, pbx panasonic e alcatel, reti in rame e fibra ottica. Scopri di pi\u00f9.\" \/>\n<meta name=\"robots\" content=\"index, follow, max-snippet:-1, max-image-preview:large, max-video-preview:-1\" \/>\n<link rel=\"canonical\" href=\"https:\/\/korallo.net\/\" \/>\n<meta property=\"og:locale\" content=\"it_IT\" \/>\n<meta property=\"og:type\" content=\"article\" \/>\n<meta property=\"og:title\" content=\"Korallo Srl: Cablaggio strutturato, networking, telefonia, Voip pbx\" \/>\n<meta property=\"og:description\" content=\"Cablaggio strutturato, networking, telefonia, centralini telefonici VoIP, pbx panasonic e alcatel, reti in rame e fibra ottica. Scopri di pi\u00f9.\" \/>\n<meta property=\"og:url\" content=\"https:\/\/korallo.net\/\" \/>\n<meta property=\"og:site_name\" content=\"Korallo Srl\" \/>\n<meta property=\"article:modified_time\" content=\"2024-02-22T16:00:41+00:00\" \/>\n<meta property=\"og:image\" content=\"https:\/\/korallo.net\/wp-content\/uploads\/2022\/01\/logo-korallo-no-srl.png\" \/>\n<meta name=\"twitter:card\" content=\"summary_large_image\" \/>\n<meta name=\"twitter:label1\" content=\"Tempo di lettura stimato\" \/>\n\t<meta name=\"twitter:data1\" content=\"2 minuti\" \/>\n<script type=\"application\/ld+json\" class=\"yoast-schema-graph\">{\"@context\":\"https:\\\/\\\/schema.org\",\"@graph\":[{\"@type\":\"WebPage\",\"@id\":\"https:\\\/\\\/korallo.net\\\/\",\"url\":\"https:\\\/\\\/korallo.net\\\/\",\"name\":\"Korallo Srl: Cablaggio strutturato, networking, telefonia, Voip pbx\",\"isPartOf\":{\"@id\":\"https:\\\/\\\/korallo.net\\\/#website\"},\"primaryImageOfPage\":{\"@id\":\"https:\\\/\\\/korallo.net\\\/#primaryimage\"},\"image\":{\"@id\":\"https:\\\/\\\/korallo.net\\\/#primaryimage\"},\"thumbnailUrl\":\"https:\\\/\\\/korallo.net\\\/wp-content\\\/uploads\\\/2022\\\/01\\\/logo-korallo-no-srl.png\",\"datePublished\":\"2019-09-09T10:00:42+00:00\",\"dateModified\":\"2024-02-22T16:00:41+00:00\",\"description\":\"Cablaggio strutturato, networking, telefonia, centralini telefonici VoIP, pbx panasonic e alcatel, reti in rame e fibra ottica. Scopri di pi\u00f9.\",\"breadcrumb\":{\"@id\":\"https:\\\/\\\/korallo.net\\\/#breadcrumb\"},\"inLanguage\":\"it-IT\",\"potentialAction\":[{\"@type\":\"ReadAction\",\"target\":[\"https:\\\/\\\/korallo.net\\\/\"]}]},{\"@type\":\"ImageObject\",\"inLanguage\":\"it-IT\",\"@id\":\"https:\\\/\\\/korallo.net\\\/#primaryimage\",\"url\":\"https:\\\/\\\/korallo.net\\\/wp-content\\\/uploads\\\/2022\\\/01\\\/logo-korallo-no-srl.png\",\"contentUrl\":\"https:\\\/\\\/korallo.net\\\/wp-content\\\/uploads\\\/2022\\\/01\\\/logo-korallo-no-srl.png\",\"width\":3431,\"height\":717},{\"@type\":\"BreadcrumbList\",\"@id\":\"https:\\\/\\\/korallo.net\\\/#breadcrumb\",\"itemListElement\":[{\"@type\":\"ListItem\",\"position\":1,\"name\":\"Home\",\"item\":\"https:\\\/\\\/korallo.net\\\/\"},{\"@type\":\"ListItem\",\"position\":2,\"name\":\"Home\"}]},{\"@type\":\"WebSite\",\"@id\":\"https:\\\/\\\/korallo.net\\\/#website\",\"url\":\"https:\\\/\\\/korallo.net\\\/\",\"name\":\"Korallo Srl\",\"description\":\"\",\"potentialAction\":[{\"@type\":\"SearchAction\",\"target\":{\"@type\":\"EntryPoint\",\"urlTemplate\":\"https:\\\/\\\/korallo.net\\\/?s={search_term_string}\"},\"query-input\":{\"@type\":\"PropertyValueSpecification\",\"valueRequired\":true,\"valueName\":\"search_term_string\"}}],\"inLanguage\":\"it-IT\"}]}<\/script>\n<!-- \/ Yoast SEO plugin. -->","yoast_head_json":{"title":"Korallo Srl: Cablaggio strutturato, networking, telefonia, Voip pbx","description":"Cablaggio strutturato, networking, telefonia, centralini telefonici VoIP, pbx panasonic e alcatel, reti in rame e fibra ottica. Scopri di pi\u00f9.","robots":{"index":"index","follow":"follow","max-snippet":"max-snippet:-1","max-image-preview":"max-image-preview:large","max-video-preview":"max-video-preview:-1"},"canonical":"https:\/\/korallo.net\/","og_locale":"it_IT","og_type":"article","og_title":"Korallo Srl: Cablaggio strutturato, networking, telefonia, Voip pbx","og_description":"Cablaggio strutturato, networking, telefonia, centralini telefonici VoIP, pbx panasonic e alcatel, reti in rame e fibra ottica. Scopri di pi\u00f9.","og_url":"https:\/\/korallo.net\/","og_site_name":"Korallo Srl","article_modified_time":"2024-02-22T16:00:41+00:00","og_image":[{"url":"https:\/\/korallo.net\/wp-content\/uploads\/2022\/01\/logo-korallo-no-srl.png","type":"","width":"","height":""}],"twitter_card":"summary_large_image","twitter_misc":{"Tempo di lettura stimato":"2 minuti"},"schema":{"@context":"https:\/\/schema.org","@graph":[{"@type":"WebPage","@id":"https:\/\/korallo.net\/","url":"https:\/\/korallo.net\/","name":"Korallo Srl: Cablaggio strutturato, networking, telefonia, Voip pbx","isPartOf":{"@id":"https:\/\/korallo.net\/#website"},"primaryImageOfPage":{"@id":"https:\/\/korallo.net\/#primaryimage"},"image":{"@id":"https:\/\/korallo.net\/#primaryimage"},"thumbnailUrl":"https:\/\/korallo.net\/wp-content\/uploads\/2022\/01\/logo-korallo-no-srl.png","datePublished":"2019-09-09T10:00:42+00:00","dateModified":"2024-02-22T16:00:41+00:00","description":"Cablaggio strutturato, networking, telefonia, centralini telefonici VoIP, pbx panasonic e alcatel, reti in rame e fibra ottica. Scopri di pi\u00f9.","breadcrumb":{"@id":"https:\/\/korallo.net\/#breadcrumb"},"inLanguage":"it-IT","potentialAction":[{"@type":"ReadAction","target":["https:\/\/korallo.net\/"]}]},{"@type":"ImageObject","inLanguage":"it-IT","@id":"https:\/\/korallo.net\/#primaryimage","url":"https:\/\/korallo.net\/wp-content\/uploads\/2022\/01\/logo-korallo-no-srl.png","contentUrl":"https:\/\/korallo.net\/wp-content\/uploads\/2022\/01\/logo-korallo-no-srl.png","width":3431,"height":717},{"@type":"BreadcrumbList","@id":"https:\/\/korallo.net\/#breadcrumb","itemListElement":[{"@type":"ListItem","position":1,"name":"Home","item":"https:\/\/korallo.net\/"},{"@type":"ListItem","position":2,"name":"Home"}]},{"@type":"WebSite","@id":"https:\/\/korallo.net\/#website","url":"https:\/\/korallo.net\/","name":"Korallo Srl","description":"","potentialAction":[{"@type":"SearchAction","target":{"@type":"EntryPoint","urlTemplate":"https:\/\/korallo.net\/?s={search_term_string}"},"query-input":{"@type":"PropertyValueSpecification","valueRequired":true,"valueName":"search_term_string"}}],"inLanguage":"it-IT"}]}},"_links":{"self":[{"href":"https:\/\/korallo.net\/index.php\/wp-json\/wp\/v2\/pages\/3636","targetHints":{"allow":["GET"]}}],"collection":[{"href":"https:\/\/korallo.net\/index.php\/wp-json\/wp\/v2\/pages"}],"about":[{"href":"https:\/\/korallo.net\/index.php\/wp-json\/wp\/v2\/types\/page"}],"author":[{"embeddable":true,"href":"https:\/\/korallo.net\/index.php\/wp-json\/wp\/v2\/users\/10"}],"replies":[{"embeddable":true,"href":"https:\/\/korallo.net\/index.php\/wp-json\/wp\/v2\/comments?post=3636"}],"version-history":[{"count":74,"href":"https:\/\/korallo.net\/index.php\/wp-json\/wp\/v2\/pages\/3636\/revisions"}],"predecessor-version":[{"id":13532,"href":"https:\/\/korallo.net\/index.php\/wp-json\/wp\/v2\/pages\/3636\/revisions\/13532"}],"wp:attachment":[{"href":"https:\/\/korallo.net\/index.php\/wp-json\/wp\/v2\/media?parent=3636"}],"curies":[{"name":"wp","href":"https:\/\/api.w.org\/{rel}","templated":true}]}}